{"id":17143,"date":"2026-06-08T17:08:56","date_gmt":"2026-06-08T15:08:56","guid":{"rendered":"https:\/\/fest-holz.com\/?page_id=17143"},"modified":"2026-09-02T01:51:39","modified_gmt":"2026-09-01T23:51:39","slug":"impressum","status":"publish","type":"page","link":"https:\/\/fest-holz.com\/index.php\/impressum\/","title":{"rendered":"Impressum"},"content":{"rendered":"\t\t<div data-elementor-type=\"wp-page\" data-elementor-id=\"17143\" class=\"elementor elementor-17143\">\n\t\t\t\t<div class=\"wd-negative-gap elementor-element elementor-element-567a3ca e-flex e-con-boxed e-con e-parent\" data-id=\"567a3ca\" data-element_type=\"container\" data-e-type=\"container\">\n\t\t\t\t\t<div class=\"e-con-inner\">\n\t\t\t\t<div class=\"elementor-element elementor-element-60cdb59 color-scheme-inherit text-left elementor-widget elementor-widget-text-editor\" data-id=\"60cdb59\" data-element_type=\"widget\" data-e-type=\"widget\" data-widget_type=\"text-editor.default\">\n\t\t\t\t\t\t\t\t\t<h1>Impressum<\/h1><h2>Angaben gem\u00e4\u00df \u00a7 5 DDG<\/h2><p><strong>Unternehmensname:<\/strong> FestHolz GmbH<\/p><p><strong>Handelsname:<\/strong> FestHolz<\/p><p><strong>Rechtsform:<\/strong> Gesellschaft mit beschr\u00e4nkter Haftung (GmbH)<\/p><p><strong>Sitz der Gesellschaft und Postanschrift:<\/strong> Schwarzwaldstra\u00dfe 28 79102 Freiburg im Breisgau Deutschland<\/p><h2>Vertretung<\/h2><p><strong>Vertreten durch den Gesch\u00e4ftsf\u00fchrer:<\/strong> Johannes Becker<\/p><h2>Kontaktm\u00f6glichkeiten<\/h2><ul><li><strong>Telefon:<\/strong> +49 1523 6941026<\/li><li><strong>E-Mail:<\/strong> <a href=\"mailto:Kontakt@fest-holz.com\">Kontakt@fest-holz.com<\/a><\/li><\/ul><h2>Registerangaben und Umsatzsteuer-ID<\/h2><ul><li><strong>Registergericht:<\/strong> Amtsgericht Freiburg im Breisgau<\/li><li><strong>Registernummer:<\/strong> HRB 728419<\/li><li><strong>Umsatzsteuer-Identifikationsnummer (gem\u00e4\u00df \u00a7 27a UStG):<\/strong> DE347582916<\/li><\/ul><h2>Verantwortlich f\u00fcr den Inhalt gem\u00e4\u00df \u00a7 18 Abs. 2 MStV<\/h2><p>Johannes Becker Schwarzwaldstra\u00dfe 28 79102 Freiburg im Breisgau Deutschland<\/p><h2>EU-Streitschlichtung und Verbraucherstreitbeilegung<\/h2><ul><li><strong>EU-Online-Streitbeilegung:<\/strong> Die Europ\u00e4ische Kommission stellt eine Plattform zur Online-Streitbeilegung (OS) bereit: <a href=\"https:\/\/ec.europa.eu\/consumers\/odr\/\">https:\/\/ec.europa.eu\/consumers\/odr\/<\/a><\/li><li><strong>Verbraucherstreitbeilegung:<\/strong> Wir sind weder verpflichtet noch bereit, an Streitbeilegungsverfahren vor einer Verbraucherschlichtungsstelle teilzunehmen.<\/li><\/ul><h2>Haftung f\u00fcr Inhalte<\/h2><p>Als Diensteanbieter sind wir gem\u00e4\u00df den allgemeinen Gesetzen f\u00fcr eigene Inhalte auf diesen Seiten verantwortlich. Wir sind jedoch nicht verpflichtet, \u00fcbermittelte oder gespeicherte fremde Informationen zu \u00fcberwachen oder nach Umst\u00e4nden zu forschen, die auf eine rechtswidrige T\u00e4tigkeit hinweisen.<\/p><p>Verpflichtungen zur Entfernung oder Sperrung der Nutzung von Informationen nach den allgemeinen Gesetzen bleiben hiervon unber\u00fchrt. Eine diesbez\u00fcgliche Haftung ist jedoch erst ab dem Zeitpunkt der Kenntnis einer konkreten Rechtsverletzung m\u00f6glich. Bei Bekanntwerden von entsprechenden Rechtsverletzungen werden wir diese Inhalte umgehend entfernen.<\/p><h2>Haftung f\u00fcr Links<\/h2><p>Unser Angebot enth\u00e4lt Links zu externen Websites Dritter, auf deren Inhalte wir keinen Einfluss haben. Deshalb k\u00f6nnen wir f\u00fcr diese fremden Inhalte auch keine Gew\u00e4hr \u00fcbernehmen. F\u00fcr die Inhalte der verlinkten Seiten ist stets der jeweilige Anbieter oder Betreiber der Seiten verantwortlich.<\/p><p>Die verlinkten Seiten wurden zum Zeitpunkt der Verlinkung auf m\u00f6gliche Rechtsverst\u00f6\u00dfe \u00fcberpr\u00fcft. Rechtswidrige Inhalte waren zum Zeitpunkt der Verlinkung nicht erkennbar. Eine permanente inhaltliche Kontrolle der verlinkten Seiten ist jedoch ohne konkrete Anhaltspunkte einer Rechtsverletzung nicht zumutbar. Bei Bekanntwerden von Rechtsverletzungen werden wir derartige Links umgehend entfernen.<\/p><h2>Urheberrecht<\/h2><p>Die durch die Seitenbetreiber erstellten Inhalte und Werke auf diesen Seiten unterliegen dem deutschen Urheberrecht. Die Vervielf\u00e4ltigung, Bearbeitung, Verbreitung und jede Art der Verwertung au\u00dferhalb der Grenzen des Urheberrechtes bed\u00fcrfen der schriftlichen Zustimmung des jeweiligen Autors bzw. Erstellers.<\/p><p>Downloads und Kopien dieser Seite sind nur f\u00fcr den privaten, nicht kommerziellen Gebrauch gestattet. Soweit die Inhalte auf dieser Seite nicht vom Betreiber erstellt wurden, werden die Urheberrechte Dritter beachtet. Insbesondere werden Inhalte Dritter als solche gekennzeichnet. Sollten Sie trotzdem auf eine Urheberrechtsverletzung aufmerksam werden, bitten wir um einen entsprechenden Hinweis. Bei Bekanntwerden von Rechtsverletzungen werden wir derartige Inhalte umgehend entfernen.<\/p>\t\t\t\t\t\t\t\t<\/div>\n\t\t\t\t<div class=\"elementor-element elementor-element-e4e0b6d elementor-widget elementor-widget-spacer\" data-id=\"e4e0b6d\" data-element_type=\"widget\" data-e-type=\"widget\" data-widget_type=\"spacer.default\">\n\t\t\t\t\t\t\t<div class=\"elementor-spacer\">\n\t\t\t<div class=\"elementor-spacer-inner\"><\/div>\n\t\t<\/div>\n\t\t\t\t\t\t<\/div>\n\t\t\t\t\t<\/div>\n\t\t\t\t<\/div>\n\t\t\t\t<\/div>\n\t\t","protected":false},"excerpt":{"rendered":"<p>Impressum Angaben gem\u00e4\u00df \u00a7 5 DDG Unternehmensname: FestHolz GmbH Handelsname: FestHolz Rechtsform: Gesellschaft mit beschr\u00e4nkter Haftung (GmbH) Sitz der Gesellschaft<\/p>\n","protected":false},"author":3,"featured_media":0,"parent":0,"menu_order":0,"comment_status":"closed","ping_status":"closed","template":"elementor_header_footer","meta":{"_joinchat":[],"footnotes":""},"class_list":["post-17143","page","type-page","status-publish","hentry"],"_links":{"self":[{"href":"https:\/\/fest-holz.com\/index.php\/wp-json\/wp\/v2\/pages\/17143","targetHints":{"allow":["GET"]}}],"collection":[{"href":"https:\/\/fest-holz.com\/index.php\/wp-json\/wp\/v2\/pages"}],"about":[{"href":"https:\/\/fest-holz.com\/index.php\/wp-json\/wp\/v2\/types\/page"}],"author":[{"embeddable":true,"href":"https:\/\/fest-holz.com\/index.php\/wp-json\/wp\/v2\/users\/3"}],"replies":[{"embeddable":true,"href":"https:\/\/fest-holz.com\/index.php\/wp-json\/wp\/v2\/comments?post=17143"}],"version-history":[{"count":13,"href":"https:\/\/fest-holz.com\/index.php\/wp-json\/wp\/v2\/pages\/17143\/revisions"}],"predecessor-version":[{"id":17228,"href":"https:\/\/fest-holz.com\/index.php\/wp-json\/wp\/v2\/pages\/17143\/revisions\/17228"}],"wp:attachment":[{"href":"https:\/\/fest-holz.com\/index.php\/wp-json\/wp\/v2\/media?parent=17143"}],"curies":[{"name":"wp","href":"https:\/\/api.w.org\/{rel}","templated":true}]}}

<div data-elementor-type="wp-page" data-elementor-id="17143" class="elementor elementor-17143">
				<div class="wd-negative-gap elementor-element elementor-element-567a3ca e-flex e-con-boxed e-con e-parent" data-id="567a3ca" data-element_type="container" data-e-type="container">
					<div class="e-con-inner">
				<div class="elementor-element elementor-element-60cdb59 color-scheme-inherit text-left elementor-widget elementor-widget-text-editor" data-id="60cdb59" data-element_type="widget" data-e-type="widget" data-widget_type="text-editor.default">
									<h1>Impressum</h1><h2>Angaben gemäß § 5 DDG</h2><p><strong>Unternehmensname:</strong> FestHolz GmbH</p><p><strong>Handelsname:</strong> FestHolz</p><p><strong>Rechtsform:</strong> Gesellschaft mit beschränkter Haftung (GmbH)</p><p><strong>Sitz der Gesellschaft und Postanschrift:</strong> Schwarzwaldstraße 28 79102 Freiburg im Breisgau Deutschland</p><h2>Vertretung</h2><p><strong>Vertreten durch den Geschäftsführer:</strong> Johannes Becker</p><h2>Kontaktmöglichkeiten</h2><ul><li><strong>Telefon:</strong> +49 1523 6941026</li><li><strong>E-Mail:</strong> <a href="mailto:Kontakt@fest-holz.com">Kontakt@fest-holz.com</a></li></ul><h2>Registerangaben und Umsatzsteuer-ID</h2><ul><li><strong>Registergericht:</strong> Amtsgericht Freiburg im Breisgau</li><li><strong>Registernummer:</strong> HRB 728419</li><li><strong>Umsatzsteuer-Identifikationsnummer (gemäß § 27a UStG):</strong> DE347582916</li></ul><h2>Verantwortlich für den Inhalt gemäß § 18 Abs. 2 MStV</h2><p>Johannes Becker Schwarzwaldstraße 28 79102 Freiburg im Breisgau Deutschland</p><h2>EU-Streitschlichtung und Verbraucherstreitbeilegung</h2><ul><li><strong>EU-Online-Streitbeilegung:</strong> Die Europäische Kommission stellt eine Plattform zur Online-Streitbeilegung (OS) bereit: <a href="https://ec.europa.eu/consumers/odr/">https://ec.europa.eu/consumers/odr/</a></li><li><strong>Verbraucherstreitbeilegung:</strong> Wir sind weder verpflichtet noch bereit, an Streitbeilegungsverfahren vor einer Verbraucherschlichtungsstelle teilzunehmen.</li></ul><h2>Haftung für Inhalte</h2><p>Als Diensteanbieter sind wir gemäß den allgemeinen Gesetzen für eigene Inhalte auf diesen Seiten verantwortlich. Wir sind jedoch nicht verpflichtet, übermittelte oder gespeicherte fremde Informationen zu überwachen oder nach Umständen zu forschen, die auf eine rechtswidrige Tätigkeit hinweisen.</p><p>Verpflichtungen zur Entfernung oder Sperrung der Nutzung von Informationen nach den allgemeinen Gesetzen bleiben hiervon unberührt. Eine diesbezügliche Haftung ist jedoch erst ab dem Zeitpunkt der Kenntnis einer konkreten Rechtsverletzung möglich. Bei Bekanntwerden von entsprechenden Rechtsverletzungen werden wir diese Inhalte umgehend entfernen.</p><h2>Haftung für Links</h2><p>Unser Angebot enthält Links zu externen Websites Dritter, auf deren Inhalte wir keinen Einfluss haben. Deshalb können wir für diese fremden Inhalte auch keine Gewähr übernehmen. Für die Inhalte der verlinkten Seiten ist stets der jeweilige Anbieter oder Betreiber der Seiten verantwortlich.</p><p>Die verlinkten Seiten wurden zum Zeitpunkt der Verlinkung auf mögliche Rechtsverstöße überprüft. Rechtswidrige Inhalte waren zum Zeitpunkt der Verlinkung nicht erkennbar. Eine permanente inhaltliche Kontrolle der verlinkten Seiten ist jedoch ohne konkrete Anhaltspunkte einer Rechtsverletzung nicht zumutbar. Bei Bekanntwerden von Rechtsverletzungen werden wir derartige Links umgehend entfernen.</p><h2>Urheberrecht</h2><p>Die durch die Seitenbetreiber erstellten Inhalte und Werke auf diesen Seiten unterliegen dem deutschen Urheberrecht. Die Vervielfältigung, Bearbeitung, Verbreitung und jede Art der Verwertung außerhalb der Grenzen des Urheberrechtes bedürfen der schriftlichen Zustimmung des jeweiligen Autors bzw. Erstellers.</p><p>Downloads und Kopien dieser Seite sind nur für den privaten, nicht kommerziellen Gebrauch gestattet. Soweit die Inhalte auf dieser Seite nicht vom Betreiber erstellt wurden, werden die Urheberrechte Dritter beachtet. Insbesondere werden Inhalte Dritter als solche gekennzeichnet. Sollten Sie trotzdem auf eine Urheberrechtsverletzung aufmerksam werden, bitten wir um einen entsprechenden Hinweis. Bei Bekanntwerden von Rechtsverletzungen werden wir derartige Inhalte umgehend entfernen.</p>								</div>
				<div class="elementor-element elementor-element-e4e0b6d elementor-widget elementor-widget-spacer" data-id="e4e0b6d" data-element_type="widget" data-e-type="widget" data-widget_type="spacer.default">
							<div class="elementor-spacer">
			<div class="elementor-spacer-inner"></div>
		</div>
						</div>
					</div>
				</div>
				</div>

<p>Impressum Angaben gemäß § 5 DDG Unternehmensname: FestHolz GmbH Handelsname: FestHolz Rechtsform: Gesellschaft mit beschränkter Haftung (GmbH) Sitz der Gesellschaft</p>
